 (1 - 1) + 1*-3. Suppose -27 - 3 = 5*w. List the prime factors of (-13)/(-2) - m/w.
2, 3
Let d(x) = 1. Let s(f) = 5*f + 20. Let g(q) = -20*d(q) + s(q). What are the prime factors of g(3)?
3, 5
Let n be (-2 + -3 + 4)*0. Let m(k) = -k**3 - 3*k**2 + 3*k - 4. Let a be m(-4). Suppose o + a - 3 = n. What are the prime factors of o?
3
Let h(p) = p**3 - 6*p**2 - 6*p - 5. Suppose 4*y + 6 + 1 = k, 0 = 2*k - 2*y - 14. What are the prime factors of h(k)?
2
Let c(a) = -21*a + 9. List the prime factors of c(-8).
3, 59
Let m(s) = s**3 + 6*s**2 - 6*s + 8. Let a be m(-7). Let j = 4 - a. List the prime factors of j.
3
Let f(z) = z**3 - 7*z**2 + z - 2. Let j be f(7). Suppose 2*w - 7 = 2*l + 11, -l - j = 0. What are the prime factors of 657/36 - (-3)/w?
19
Let h(k) = 6*k - 4. What are the prime factors of h(5)?
2, 13
Let q(x) = -x**2 - 20*x + 12. What are the prime factors of q(-13)?
103
Let j be 28/(-8) + 2/(-4). Suppose 4*u - 4*s - 56 = 0, 2*u - 5*s + 14 = 45. Let m = j + u. What are the prime factors of m?
3
Let y(g) be the first derivative of g**4/12 + g**3 + 3*g**2 + 2*g + 2. Let k(m) be the first derivative of y(m). What are the prime factors of k(-6)?
2, 3
List the prime factors of (-6)/(-4)*2336/24.
2, 73
Suppose 2 = j - 1. Let f be 2/7 + (-5)/(-7). Suppose -14 - f = -j*a. What are the prime factors of a?
5
Suppose -4*j = -4*q - 9*j + 27, 2*j = 3*q - 49. What are the prime factors of q?
13
Let y(q) = -2*q**2 + 13*q + 1. What are the prime factors of y(6)?
7
Suppose 5*b = -20, 0*b - 3 = -3*z - 3*b. Suppose 0 = -4*s, 2*k - 68 = k + z*s. Suppose 4*t - 4*h - 84 = -0*t, -4*h - k = -3*t. List the prime factors of t.
2
Let h(l) = -l**2 - 3*l + 4. Let w be h(-5). Let v(i) = -i**3 - 7*i**2 - 9*i - 8. List the prime factors of v(w).
2, 5
Suppose 4*u + 5*i + 35 = 5*u, 2*i = 4*u - 122. List the prime factors of u.
2, 3, 5
Suppose -2*d - 5*c - 11 = 0, 0 = 3*d + 2*d - c - 13. Suppose 3*g = d*l + 35, 4*g - 4*l - 34 = 18. List the prime factors of g.
3
Let u be (6/(-4) - -1)*-10. Suppose u*k = 5*i - 10, -i + 4*k - 3 = -2. Let a = 1 + i. List the prime factors of a.
2
Let k = -60 - -84. What are the prime factors of k?
2, 3
Suppose t + 0 = 4. Let o be (t/(-6))/(4/(-18)). Suppose -m - i = -o*m + 44, -m + 27 = 2*i. What are the prime factors of m?
23
Let i be (-39)/(-12) + 1/(-4). Suppose -v = -3*u - i, -4*u - 2 = v - 2*u. What are the prime factors of v - (1 + -1 + -10)?
2, 5
Let j = -13 - -9. Suppose -m + 6*m = -5*x + 30, -2*m + 2*x = -12. Let l = m + j. List the prime factors of l.
2
Let a(c) = 10*c + 5. Let o be a(-5). Let t = o - -72. Let x = t - 16. What are the prime factors of x?
11
Suppose 3*o = -3*g - 6, 6*o = -4*g + o - 12. Suppose g*f - 2 = 4. List the prime factors of f.
3
List the prime factors of 2/((-12)/6)*-29.
29
Suppose 0 = -2*k + 4*h + 154, -h + 49 + 37 = k. Suppose -6*p + 87 = -2*p - u, -4*p + k = -5*u. What are the prime factors of p?
2, 11
Let u = -161 + 391. List the prime factors of u.
2, 5, 23
Suppose 3*y + 8 = 7*y. Suppose 4*h = 3*h + y. What are the prime factors of h?
2
Suppose -8 = 3*r + 2*d, 0 = 4*r + 3*d - d + 10. Let h = 10 + r. Let j = 17 - h. List the prime factors of j.
3
Let f(u) = u**2 + 6*u + 7. What are the prime factors of f(-9)?
2, 17
Suppose 0*y - 3*y - 3*a + 243 = 0, -3*a = 9. What are the prime factors of y?
2, 3, 7
Let t(s) = s**2 + 3*s - 4. Let n be t(-4). Suppose n*u = 4*u - 36. List the prime factors of u.
3
Let m = 35 - 4. What are the prime factors of m?
31
Let f(i) = -i - 8. Let z be f(7). Let t be (-22)/(-10) - (-3)/z. Suppose -8 + 2 = -t*x - 2*p, 4*x - 4*p = 12. List the prime factors of x.
3
Let x(o) = -14*o. List the prime factors of x(-1).
2, 7
Let c be -3*1*(3 - 4). Suppose -2*y + 288 = c*u + y, 0 = -3*u + y + 272. Suppose -3*p + u = p. What are the prime factors of p?
23
Let t(v) = v**3 + 7*v**2 - 11*v - 12. Let z = 21 + -29. What are the prime factors of t(z)?
2, 3
Suppose -2*j = -4*x, 2*x = 4*j + 6*x - 12. Suppose j = b + 3*c, 5*c = 3*c + 8. What are the prime factors of 4/b + 144/10?
2, 7
Suppose -4*a + 15 = a, -3*a = v - 13. Suppose -6 = -i + 4*i. Let x = i + v. List the prime factors of x.
2
Let d = -2 + 0. Let w = -9 + 22. What are the prime factors of w - 6/d - -3?
19
Let i = 38 + 96. What are the prime factors of i?
2, 67
Suppose 0 = 2*a - a - 2. Suppose 2*d - a = 22. Let t = d + -3. List the prime factors of t.
3
Let s(k) = k**3 + 8*k**2 - 2*k - 9. Let z be (-8 + 4)/((-1)/(-2)). List the prime factors of s(z).
7
Let d be (-1)/(-3)*(10 + -4). Suppose -m = -2*m + 5*s + 28, 0 = -m - d*s. Let x = m - -9. List the prime factors of x.
17
Suppose 0 = 2*c - 6, -23 = -4*h + 2*h + c. List the prime factors of h.
13
Let n = 1136 + -760. List the prime factors of n.
2, 47
Suppose 4*i - 22 = w + w, -21 = -5*i - 4*w. What are the prime factors of i?
5
Let z(n) = 33*n - 2. Let b be z(3). What are the prime factors of b/9 - 8/(-36)?
11
Suppose -5*x = 101 + 24. Let z be 5*(-5)/(x/(-4)). List the prime factors of (1 + z)*(-22)/6.
11
Let b = 158 + -107. List the prime factors of b.
3, 17
Suppose 2 = x + 2*i - 12, -70 = -5*x - i. What are the prime factors of x?
2, 7
Suppose -b - 39 = -70. What are the prime factors of b?
31
Let t(j) = j**3 - j**2 + j + 50. What are the prime factors of t(0)?
2, 5
Let w be 10*3/((-15)/2). What are the prime factors of w/(-6) - (-28)/3?
2, 5
Let h be (-13 - 3/3) + -3. Let x = h - -20. List the prime factors of x.
3
Let j be (-3)/(-9) + 22/6. Suppose -4*q + j*d = -3*q + 11, -d + 4 = 0. Suppose 2*i = q*i - 60. List the prime factors of i.
2, 5
Suppose -5*a + 3*a = 70. Let f = a + 71. Suppose 0 = -5*x + 2*x + f. List the prime factors of x.
2, 3
Suppose 0 = z + 3*z - 16. Suppose -8 + 4 = z*u. List the prime factors of u/(1/(-12) - 0).
2, 3
Suppose 3*b + 0*b = 5*k + 1, -7 = 3*k - 5*b. Let m be 8 + -2 + -3 - k. Suppose 3*u + m*u - 35 = 0. What are the prime factors of u?
7
Let z be ((-2)/4)/((-1)/6). Suppose 4*k = 5*y + 88, 4*k - z*k = y + 21. List the prime factors of k.
17
Let p = 2 - 2. Suppose 2*s - 5*s + 12 = p. Suppose -c + s*c = 48. List the prime factors of c.
2
Let s = -20 - -14. Let q(p) = -p**2 - 6*p + 2. Let b be q(s). Let j(l) = l**2 + 2*l - 2. List the prime factors of j(b).
2, 3
Let x(y) = y**2 - 7*y + 2. List the prime factors of x(8).
2, 5
Suppose -3*w = 11 + 1. Let c = 6 + w. Suppose -4*h - 2*p + 34 = 0, 0*h - 1 = c*h - 5*p. What are the prime factors of h?
7
Let p be ((-16)/10)/((-2)/5). Let q = 4 - p. Suppose -3*s + 33 = 3*r, q*r = -s + 4*r + 31. What are the prime factors of s?
3, 5
Let i(t) = -t**2 - 12*t + 7. What are the prime factors of i(-6)?
43
Let h = 278 - 192. Suppose -2*o - 34 - h = 0. List the prime factors of (-2)/(-4)*o/(-5).
2, 3
Suppose -3*t - 5*j + 21 = -37, -5*t + 110 = 5*j. What are the prime factors of t?
2, 13
Let h be 144/(-10) + (-8)/(-20). Let u be 4/(-6) + h/(-21). Suppose -5 = -w - u. List the prime factors of w.
5
Suppose x = h - 34, 2*h - x = 29 + 38. Let w = h + -15. List the prime factors of w.
2, 3
Let i(b) = -b**3 + 9*b**2 + 15*b - 13. What are the prime factors of i(10)?
37
Suppose 0 = 2*k + 4, 4 + 32 = 4*l + 2*k. Suppose 0*a - l = -2*a. Suppose a + 5 = 2*x. List the prime factors of x.
5
Let z(r) = r**3 + 6*r**2 - 3. Suppose 0*s + 2*s = -6. List the prime factors of z(s).
2, 3
Let v = -1 + 2. Suppose -v = m - 4, -5*y = 5*m - 80. What are the prime factors of y?
13
Let t = 66 - 47. List the prime factors of t.
19
Let c(b) = 3*b**2 + 22*b + 17. List the prime factors of c(-9).
2, 31
Let v(z) = -z + 14. Let h be v(10). Let w be (-21)/(-14)*h/(-6). Let y(c) = -11*c. What are the prime factors of y(w)?
11
Let y(j) = j**2 - 5*j + 4. Let z be y(4). Suppose -r - 3 = -5*t, -4*r - 2*t = -z*r - 54. List the prime factors of r.
2, 3
Let r(h) = -4*h - 6 + 5*h - 7 + h**2 + 5*h. List the prime factors of r(-10).
3
Let n be 3 - (-11)/(-1) - -4. Let q = -1 + 2. What are the prime factors of q + 1 + (-32)/n?
2, 5
Suppose -12 = -4*x, 3*x - 108 = -5*z + 2*x. List the prime factors of z.
3, 7
Let c(r) = -r**2 - 12*r + 15. List the prime factors of c(-13).
2
Suppose -2*l + 6 = -l. Suppose l*j - j - 20 = 0. List the prime factors of j.
2
Let b(c) = 6 - 4 - 4*c - 7*c + 2*c. Let f be b(8). What are the prime factors of f/(-8) + 12/(-16)?
2
Let t be 16/6*-3 - -2. Let